 -3*c + 3*f + 15, 6*c - 3*f - 15 = c. Suppose 3 = t - c. What are the prime factors of t?
3
Let s(o) = -o**3 - 18*o**2 - 17*o + 32. What are the prime factors of s(-17)?
2
Let c be (-24)/(-20)*(-20)/(-6). Suppose -c*a + 57 = -7. List the prime factors of a.
2
Suppose i = 3*y - 9, -3*i + 6*i - 15 = -5*y. Suppose 4 + i = 2*u. What are the prime factors of u?
2
Suppose i - 3*f - 63 = 211, -4*i = -5*f - 1117. List the prime factors of i.
283
Suppose 0 - 21 = -3*b. Let w = 23 - b. List the prime factors of w.
2
Suppose 2*u - 4*q - 18 = 0, 2*u + 5*q = -0*u - 9. Suppose -153 + 39 = -u*c. List the prime factors of c.
2, 19
Let s = 16 + -11. Suppose -23 - s = -2*q. Suppose -3*f + q = 2*x - 15, -4*x + 63 = 5*f. What are the prime factors of x?
2, 11
Suppose -3*w + 156 = 3*n, 5*w - n - 3*n = 296. List the prime factors of w/10 + 20/50.
2, 3
Let d be ((-190)/6)/(1/(-3)). Suppose -5*i - 35 = 4*z - d, i + 5*z - 12 = 0. List the prime factors of i.
2, 3
Suppose -2*b = -4 - 0. Suppose -k + 54 = b*k. What are the prime factors of k?
2, 3
Suppose 5*z - 2*k + 3*k - 201 = 0, -2*k = z - 42. Let q = -23 + z. What are the prime factors of q?
17
What are the prime factors of -6*(214/(-6) + -3) - -4?
2, 59
Let c be 48/9 - 4/(-6). Suppose -5*a - 5*i = -15, -4*i - 9 = -a - 2*a. Suppose 0 = -3*q + 3*g + 30, -a*q + c*q - g = 32. What are the prime factors of q?
11
Let o(q) = 0*q + 9 + 7*q**2 - 9*q + q**3 + q. What are the prime factors of o(-8)?
3
Let z = -40 + 19. Let q be (-3)/z - 102/(-21). Suppose -q*x - 3 = k - 2*x, 2*k - 14 = -x. What are the prime factors of k?
3
Suppose 6*a - 4*a + 4*g = 154, 4*a - 253 = 3*g. What are the prime factors of a?
67
Suppose -i = -153 - 166. What are the prime factors of i?
11, 29
Let n be 16/9 + 2/9. Let a = 4 + n. Suppose 0 = -a*z + z + 85. List the prime factors of z.
17
What are the prime factors of (-15)/(-10)*(-164)/(-6)?
41
Suppose 0 = d + 12. What are the prime factors of (-280)/d + 2/(-6)?
23
Let w(i) = 4*i**2 - 1. Suppose -5 = 5*g + 5*b, -3 = -4*g - 3*b - 5. Let n be w(g). Suppose -n*k - 50 = -8*k. What are the prime factors of k?
2, 5
Let v = -3 + 26. Let x = v - 7. What are the prime factors of x?
2
Let h = 20 + -13. Let t(n) = 2*n**2 + 5*n - 4. Let l be t(-5). Let z = l - h. What are the prime factors of z?
2, 7
Suppose 0 = 3*v + 2*u - 43, v - u - 23 = -6*u. List the prime factors of v.
13
Suppose -37 = -3*u + 5*x, -5*u - 2*x + 15 = -x. Let a = u + 35. What are the prime factors of a?
3, 13
Let a(x) = 4*x**3 + 6*x**2 + 1. Let h(i) = 5*i**3 + 5*i**2 - i. Let s(p) = -4*a(p) + 3*h(p). What are the prime factors of s(-9)?
23
Suppose -614 = -4*f + 3*p - 8*p, 4*f + p = 606. What are the prime factors of f?
151
Suppose x - 27 = 5*f, 3*x - 1 - 10 = f. Suppose 0 = -x*s - 2*s. Suppose -3*b + 0*b - 2*w + 34 = s, -4*b + 2*w + 36 = 0. What are the prime factors of b?
2, 5
Let z(t) = t**3 + 3*t**2 + t + 7. List the prime factors of z(3).
2
Let u be (-1 + 1)/(2/(-1)). Suppose 4*s + 95 - 23 = u. Let y = s + 30. List the prime factors of y.
2, 3
Let l(m) = 9*m + 208. What are the prime factors of l(0)?
2, 13
Let x = -26 + 6. Let b = x + 75. Suppose -13 = 3*r - b. List the prime factors of r.
2, 7
Let c(z) = -11*z**3 - z**2 - 11. Let o(w) = 5*w**3 + 5. Let x(h) = -4*c(h) - 9*o(h). What are the prime factors of x(3)?
2
Let c(f) = f**2 - f - 1. Let s be c(3). Suppose 0*t - l = t + 4, l + 28 = -s*t. Let v(m) = m**2 + 5*m + 5. List the prime factors of v(t).
11
Suppose 0 = q + q - 124. List the prime factors of q.
2, 31
Suppose 6*x = 9*x - 12. Suppose 3*o + 0*o = 15, -2*g = x*o - 102. What are the prime factors of g?
41
Let w(s) = -s**3 - 6*s**2 - s + 3. Suppose -6 = l - 0*l. List the prime factors of w(l).
3
Let y(h) = -h**3 + 6*h**2 + 5*h - 8. Let b be y(6). Suppose 2*g = -2*i + 28, -b + 4 = -i - 5*g. What are the prime factors of i?
13
List the prime factors of 6/1 + 2550/17.
2, 3, 13
Let p be 1/(22/10 + -2). Suppose 0 = 5*s - 4*c - 32 - 3, -p*s = -5*c - 35. List the prime factors of s.
7
Let l be 2/(-2) + (5 - -1). Suppose -l*a + 20 = -0. Suppose -a = 4*c - 5*z - 24, 4*c - 56 = -4*z. List the prime factors of c.
2, 5
Let a(k) = -k. Let l be a(6). List the prime factors of (117/27)/((-2)/l).
13
Let p(h) = h - 2. Let k be p(2). Suppose -a - 1 + k = 0. What are the prime factors of a - (-1 + 4)*-2?
5
Let a be (0 + (-16)/(-12))*54. Suppose -3*b + a = b. What are the prime factors of b?
2, 3
What are the prime factors of 4 + 21*(4 + 2)?
2, 5, 13
Suppose 4 = -i + 5*v, -4*i + 2*v + 18 = -v. Let o(d) = 3*d**2 - 9*d + 11. Let u be o(7). Suppose 0 = i*r - r - u. List the prime factors of r.
19
What are the prime factors of 23 + -18 + 103/1?
2, 3
Suppose -4 = 3*g - 19. Suppose g*j = -k - 0*j + 31, -2*k + 2*j + 62 = 0. What are the prime factors of k?
31
Let b(k) = k**2 + 10*k + 3. Let s be b(-10). Suppose -s*x + 24 = x. What are the prime factors of x?
2, 3
Let g(b) = 162*b - 8. List the prime factors of g(1).
2, 7, 11
Let y = -5 - 3. Let o = -2 + y. List the prime factors of (-2)/4 - o/4.
2
Suppose 2*m - u + 4*u - 6 = 0, 0 = -5*m - 3*u + 6. Suppose c + 2 = p - 5, m = -2*p + 4*c + 20. List the prime factors of 178/14 + p/14.
13
Let x(j) = -9*j - 27. List the prime factors of x(-5).
2, 3
Let x = -250 - -370. List the prime factors of x.
2, 3, 5
Let k(p) = -p**3 - 5*p**2 - 4*p + 3. Let a be k(-4). Suppose -2*n - 10 = -4*n. Suppose 3*o - 8 = -n*m + 49, -2*o - 19 = -a*m. List the prime factors of m.
3
Let g = 52 - 29. What are the prime factors of g?
23
Suppose -4 = -2*v + q, -16 = -3*q - 4. Suppose 0 = 3*r + 3*f - 18, 3*r + 6 = r + v*f. List the prime factors of r.
3
Let o = -18 - -37. What are the prime factors of o?
19
Let a(h) be the first derivative of h**3/3 + h**2/2 + 9*h + 3. List the prime factors of a(0).
3
Let m(g) be the third derivative of g**4/24 + g**3/2 - 3*g**2. List the prime factors of m(3).
2, 3
Let x be 2/8 + 5/(-4). Let b = x - -4. Suppose b*o = -2*s + 19, -1 = -5*o - 6. List the prime factors of s.
11
Let m(x) = 7*x + 4. Let h(v) = v. Let p(s) = -6*h(s) + m(s). Let t be p(4). Suppose 0 = 3*q - t*q + 75. What are the prime factors of q?
3, 5
Let z(c) = -31*c**2 - 16*c - 5. Let w(d) = 6*d**2 + 3*d + 1. Let i(y) = 11*w(y) + 2*z(y). Let r be (-1)/(-3)*-1*3. What are the prime factors of i(r)?
2
Let l(t) = 89*t**3 + 2*t**2 - 2*t + 1. List the prime factors of l(1).
2, 3, 5
Let g = -2 + 20. Suppose 0 = -3*t + 2*u + 150, -4*t + 204 - g = 2*u. List the prime factors of t.
2, 3
Suppose -4*y - y + 4*b = -19, -16 = -4*y + 4*b. Suppose 2*c - 33 = u, 3*u + 71 = y*c + 20. Suppose 16 = 4*j - c. List the prime factors of j.
2
Suppose 0 = 8*r + 335 - 1183. What are the prime factors of r?
2, 53
Suppose -2*n + n + 2 = 0. Suppose -2*j = n*j - 160. What are the prime factors of j?
2, 5
Let c(d) = 30*d. Let i be c(2). Suppose -9*z + 4*z = -i. List the prime factors of z.
2, 3
Let l = 1 - -1. Suppose -2*s = -4*s + 4*y - l, 5*s = y + 22. What are the prime factors of s?
5
Let s(m) = m**3 + 6*m**2 + 2*m + 4. Let a = -3 + -1. What are the prime factors of s(a)?
2, 7
Suppose 18*g - 1020 = 528. What are the prime factors of g?
2, 43
Let d be (-4)/(-2) + 1 + -3. Suppose -5*y = 5*z - 50, d*z + 5*z = 4*y - 85. Let b = 29 - y. List the prime factors of b.
2, 7
Let a(h) = 82*h**2 + 1. Let w be a(1). Let u = w - 48. List the prime factors of u.
5, 7
Suppose 9*x = 4*x + 1670. List the prime factors of x/10 - (-6)/10.
2, 17
Let o(z) = 41*z - 3. Let r be o(2). Suppose -2*s - r = -2*y - 3*y, -5*y + s = -82. What are the prime factors of y?
17
Let n(i) = 0 + 0 - i + 6. Let s be -2*(-6)/(-4) + -2. List the prime factors of n(s).
11
Suppose 2*i - 3*h = -0*h - 1, -3 = -h. Suppose n - 3 = 2, 4*n = i*t - 152. List the prime factors of t.
43
Suppose 0 = 5*r + o - 3, -4*r - 4*o = -6 - 6. Suppose r*g = g + 1. List the prime factors of 2*g + 0 - -11.
3
Suppose -2*j + 5*j = -18. List the prime factors of 4 - 4 - (j + 0).
2, 3
Let v(w) = -4*w**3 + 12*w**2 - 2. Let b(x) = -5*x**3 + 13*x**2 - 1. Let s(k) = 3*b(k) - 4*v(k). What are the prime factors of s(9)?
5
Let d(x) = -x**2 - 6*x + 1. Let l be d(-5). Suppose -3*s - 5*y + 12 = -2, 3*y = -l. What are the prime factors of s?
2
Let m = -134 + 234. What are the prime factors of m?
2, 5
Suppose 12 = -3*p, -25 = -2*t + 5*p + 17. Let